common factor of k and 9.
9
Let k(h) = 2*h**2 + 45*h - 2376. Let w be k(-66). What is the greatest common factor of 44 and w?
22
Let o = 31453 - 31401. Calculate the highest common factor of o and 13507.
13
Let z = 328 - 326. Suppose 6 = -2*j, 5*i = -6*j + z*j + 1213. Calculate the greatest common factor of 98 and i.
49
Let o be (19/((-494)/52))/((-4)/270). Let c(q) = -q**2 - 12*q - 2. Let t be c(-8). What is the highest common divisor of t and o?
15
Suppose 0 = v + 23*v + 55*v - 120870. What is the highest common factor of 54 and v?
18
Let c = 7 - -5. Suppose -3*p + 1621 = j - 790, 0 = 65*j + 65. What is the highest common divisor of c and p?
12
Let w(l) = 103*l - 2537. Let f be w(25). Calculate the greatest common factor of 2603 and f.
19
Suppose -21*y - 966 = -1008. What is the greatest common factor of 254 and y?
2
Let q be (-2)/5 + (-486)/(-15). Suppose 4*o - q = 44. Let x be 1*4/(-7) - (-2341500)/24500. Calculate the greatest common factor of o and x.
19
Let v(p) = 126 - 87 + 8*p - 88. Let i be v(6). Let t be (24/16)/(i/(-6)). Calculate the highest common divisor of t and 3.
3
Let v be (-2241)/(-216) + (-6)/16. Let m be 248/v + (-1 - 4/(-20)). Calculate the highest common divisor of 264 and m.
24
Let g be (-130)/210*7*-939. What is the highest common divisor of 52 and g?
13
Let p be (84/(-22))/((-48)/528). What is the highest common divisor of p and 3794?
14
Suppose s + 74*a - 136 = 77*a, 0 = -s - a + 168. What is the greatest common factor of s and 1808?
16
Let x(w) = -w**3 + 13*w**2 - 10*w - 11. Let c = 139 + -65. Let r = -63 + c. Let s be x(r). Calculate the highest common factor of 11 and s.
11
Let b be 32/2 + (-2 - -2). Suppose -36*w + 10 = -31*w. Suppose -w*m + b = -38. Calculate the highest common factor of 9 and m.
9
Let y = -74058 - -74436. Let w be (-53)/(-1) + 1/1. Calculate the greatest common divisor of w and y.
54
Let l = 851 + -829. What is the highest common divisor of l and 682?
22
Let q = -2885 - -2935. Calculate the highest common divisor of q and 64.
2
Let o = 1642 + -1553. Calculate the highest common divisor of o and 623.
89
Suppose 88 + 1634 - 14 = 61*d. Suppose 0 = -m + 2*m - 4. Let a be m/(-5)*1*-5. What is the highest common factor of d and a?
4
Let d = -14167 - -14222. Calculate the greatest common factor of d and 759.
11
Let j = 138 + -128. Let b be 627/55 - (-6)/j. What is the greatest common divisor of 12 and b?
12
Let o(w) = w**2 + 4*w + 8. Let b be o(-4). Suppose -7*i + 50 = -b*i. Let k be (-5)/(i/(-36))*50/(-15). What is the highest common factor of 30 and k?
6
Let s = 201 + -172. Let j be (-1 - 1)/((2 - 8)/696). What is the greatest common divisor of s and j?
29
Let p(n) = -n**3 - 21*n**2 - 17*n + 66. Let j(c) = 62*c + 42. Let v be j(-1). Let s be p(v). What is the highest common factor of 6 and s?
6
Let c = 236 - 162. Let v = 1366 - 959. Calculate the highest common factor of v and c.
37
Let q = -4311 + 4405. Calculate the greatest common factor of 8 and q.
2
Let f(s) = 8*s - 19. Let o be f(2). Let p be 8 - -8*(-1 + o/(-6)). Calculate the greatest common factor of 232 and p.
4
Let g = 434 - 214. Suppose -g = 15*a - 20*a. Let l = a + -35. What is the highest common factor of 3 and l?
3
Suppose 0 = -412*r + 515*r - 44187. Calculate the highest common divisor of r and 16016.
143
Let k(q) = -406*q + 1780. Let i be k(4). What is the highest common divisor of i and 1170?
78
Suppose -h + 109 - 28 = 0. Calculate the greatest common divisor of h and 189.
27
Suppose -687 = -11*y + 2*y + 528. Calculate the greatest common divisor of y and 2376.
27
Let u(o) = 146*o + 7. Let i be u(2). Suppose -10*j = -71 - i. Calculate the highest common divisor of 111 and j.
37
Let y(k) = 10*k**2 + 821*k + 93. Let n be y(-82). Let s = -91 - -135. What is the greatest common factor of n and s?
11
Let k = 5732 - 5724. Calculate the highest common divisor of k and 3656.
8
Suppose 4*r - 102 - 253 = -5*g, 2*r - 155 = 5*g. Let v(l) = 109*l + 3166. Let a be v(-29). What is the greatest common divisor of r and a?
5
Let r = -19 + 24. Suppose 5*y - 3*y = 250. Calculate the greatest common divisor of y and r.
5
Let l be -1 + (5/30 - 821/(-6)). Calculate the highest common divisor of l and 9384.
136
Suppose -2*x + 4*y = -5922, 7*x + y = -2*y + 20591. What is the greatest common divisor of 15 and x?
5
Suppose -9*a + 101 = -250. Calculate the greatest common divisor of a and 2041.
13
Let h(f) = -22 + 31 - 49*f - 13. Suppose 4*i + 1 = -3. Let m be h(i). Calculate the highest common factor of m and 5.
5
Let b(s) = -11*s**2 + 2*s + 1. Let a be b(1). Let q be ((-80)/(-15))/a*-3 - -14. What is the greatest common divisor of q and 24?
8
Let q(c) = -10*c - 28. Let o be q(-4). Suppose 0 = -t - g + 2, -t - 3*g + o = 4*t. What is the greatest common divisor of t and 21?
3
Suppose -35 + 5 = -2*m. Let h = m + -12. Suppose -10 = k + 2*f - h, -3*k - 4*f - 11 = 0. What is the highest common factor of k and 24?
3
Let x be -8*(-1)/(-10) - 54/(-5). What is the greatest common divisor of x and 105?
5
Suppose -314*d + 5825 = 3*t - 319*d, 4*t + 3*d - 7728 = 0. Calculate the greatest common divisor of t and 180.
45
Suppose u - 1452 = -3*g, 9*u = -3*g + 4*u + 1452. Suppose -11*o = 66 - g. Calculate the greatest common factor of o and 2.
2
Let o(r) = -13*r - 28. Let a be o(10). Let l = -274 - a. Let f = -88 - l. Calculate the greatest common factor of f and 7.
7
Let i be ((-117)/(-21) + -5)/((-4)/(-14)). Suppose -12 = -2*r - g, r - 3*g + i - 8 = 0. Calculate the highest common factor of r and 42.
6
Suppose t = 987 - 985. Suppose 3*w = 8*i - 10*i + 1468, -t*w + 4*i + 984 = 0. What is the greatest common factor of w and 10?
10
Let g = -7577 - -7852. Calculate the highest common divisor of g and 33.
11
Suppose 2*u = -4*b + 70, -3*u + 88*b - 85*b = -69. Calculate the greatest common factor of u and 69.
3
Suppose 0*n + 78 = 26*n. Let d(h) = 9*h**3 - 5*h**2 - 6*h - 3. Let y be d(n). What is the greatest common divisor of y and 295?
59
Let c(l) = 9*l**2 + 64*l + 85. Let k be c(-16). What is the highest common divisor of 945 and k?
105
Let i(w) = w**2 - 39*w + 245. Let n be i(50). Calculate the highest common factor of n and 510.
15
Suppose -34698 - 20127 = -15*s. What is the greatest common factor of 255 and s?
85
Suppose 4*n + 237 + 265 = 2*x, -5*n - 750 = -3*x. What is the greatest common factor of 10 and x?
5
Let o = 31 + -11. Let f = -6 + -11. Let z = 25 + f. What is the greatest common factor of z and o?
4
Suppose d = -4*d + 105. Suppose 2*g - d + 5 = 0. Suppose -g*k + 35 = -3*k. Calculate the highest common factor of 42 and k.
7
Let z be ((-15)/6)/(25/100) - -110. What is the highest common divisor of 12550 and z?
50
Let f be 2 + (-48)/(9/(-3)). Let j = -5 + 134. Suppose 5*u + 273 = 2*p, -2*p + p = -5*u - j. What is the highest common divisor of f and p?
18
Suppose 17*v - 23*v = -18. Let z = -12 - -7. Let i be (z - -5) + 3*3. What is the highest common divisor of v and i?
3
Suppose -252 = -3*k - 42. Let l be (13/((-325)/k))/((-2)/60). Calculate the highest common factor of l and 24.
12
Let z be 3 - (-2)/(-4)*1*-2. Suppose z*g - 3*t - 74 = -5*t, g + t = 17. What is the greatest common factor of 220 and g?
20
Suppose 6*m = -m. Suppose 4*t - 3*z + 480 = m, 0 = 4*t + t - 4*z + 601. Let r be (t/(-5))/((-5)/(-25)). What is the greatest common factor of 13 and r?
13
Suppose 4*k - 6*o - 170 = -4*o, o - 75 = -2*k. Suppose n = 9*n - k. Suppose n*w - 489 + 169 = 0. What is the highest common factor of 4 and w?
4
Let k be ((-1)/1)/((5 - 3)/2). Let b be k/(45/36)*-90. Calculate the highest common factor of 8 and b.
8
Let w = 201 - 279. Let y be (9/(45/(-10)))/(3/w). Calculate the greatest common divisor of 65 and y.
13
Suppose -3*f + t = -62 + 19, 4*t - 52 = -2*f. What is the highest common factor of f and 464?
16
Let y(h) = h**3 + 18*h**2 - 35*h + 66. Let i be y(-20). Let d = 74 + i. What is the greatest common divisor of d and 16?
8
Let x(v) = 13*v + 67. Let d be x(-9). Let y = 74 + d. Calculate the highest common divisor of 30 and y.
6
Let o be ((-43)/(-5) - 2)*5. Suppose -17*u + 6*u = -17*u + 2772. Calculate the highest common divisor of u and o.
33
Suppose -2*m - 2*d + 462 = 0, -5*d + 132 - 147 = 0. Calculate the greatest common divisor of m and 1846.
26
Suppose 7*j - 2*j